06?
False
Is 67 a factor of 2663?
False
Does 4 divide 101?
False
Is 40 a factor of 520?
True
Is 118 a factor of 12862?
True
Is 165 a multiple of 16?
False
Is 3 a factor of 134?
False
Is 98 a factor of 22871?
False
Does 20 divide 1309?
False
Is 11178 a multiple of 81?
True
Is 39 a factor of 10824?
False
Does 8 divide 1280?
True
Is 10 a factor of 2200?
True
Is 64 a factor of 33664?
True
Is 10 a factor of 1900?
True
Does 44 divide 205?
False
Does 74 divide 1628?
True
Does 114 divide 58540?
False
Does 9 divide 56124?
True
Is 101 a factor of 60517?
False
Is 12 a factor of 84?
True
Does 7 divide 463?
False
Is 22698 a multiple of 78?
True
Is 8 a factor of 640?
True
Is 25 a factor of 14604?
False
Does 17 divide 19363?
True
Is 10 a factor of 19215?
False
Is 203 a multiple of 7?
True
Is 67 even?
False
Is 174 a multiple of 2?
True
Does 3 divide 804?
True
Is 49720 a multiple of 226?
True
Is 52 a factor of 112696?
False
Is 15 a factor of 45?
True
Is 14 a factor of 6604?
False
Is 167 a multiple of 20?
False
Is 16 a factor of 3968?
True
Is 32 a factor of 506?
False
Is 16 a factor of 9179?
False
Does 165 divide 20130?
True
Is 50 a factor of 9311?
False
Does 5 divide 2520?
True
Does 23 divide 9085?
True
Is 2 a factor of 3478?
True
Is 64 a factor of 64?
True
Is 7 a factor of 33827?
False
Is 20 a factor of 4732?
False
Is 7332 a multiple of 25?
False
Is 561 a multiple of 33?
True
Is 326 a multiple of 6?
False
Does 4 divide 318?
False
Does 30 divide 39671?
False
Does 8 divide 8934?
False
Is 13 a multiple of 13?
True
Is 171 a multiple of 15?
False
Does 47 divide 3713?
True
Is 2242 even?
True
Is 53 a factor of 6718?
False
Does 21 divide 16779?
True
Does 11 divide 67111?
True
Is 11 a factor of 826?
False
Does 24 divide 82990?
False
Is 17 a factor of 187?
True
Is 3475 a multiple of 42?
False
Is 63 a factor of 111754?
False
Does 83 divide 21719?
False
Is 752 a multiple of 129?
False
Is 179 a multiple of 4?
False
Does 3 divide 525?
True
Is 2 a factor of 4?
True
Is 2205 a multiple of 15?
True
Is 432 a multiple of 18?
True
Does 38 divide 430?
False
Does 21 divide 1132?
False
Is 11 a factor of 99?
True
Does 189 divide 2493?
False
Is 80 a factor of 4480?
True
Does 196 divide 43079?
False
Does 4 divide 172?
True
Is 29182 a multiple of 77?
False
Does 30 divide 258?
False
Is 2 a factor of 909?
False
Is 40 a factor of 360?
True
Does 4 divide 36?
True
Is 928 a multiple of 33?
False
Is 378 a multiple of 42?
True
Is 10 a factor of 2197?
False
Is 943 a multiple of 69?
False
Does 14 divide 4643?
False
Does 27 divide 10301?
False
Does 3 divide 2397?
True
Does 83 divide 7885?
True
Is 2 a factor of 168?
True
Is 36 a factor of 6414?
False
Is 11 a factor of 21428?
True
Is 34143 a multiple of 33?
False
Does 123 divide 21096?
False
Does 15 divide 34680?
True
Does 50 divide 12850?
True
Is 49 a factor of 1092?
False
Is 2 a factor of 145?
False
Does 170 divide 28301?
False
Is 20541 a multiple of 227?
False
Is 49 a factor of 29330?
False
Does 25 divide 6175?
True
Is 16 a factor of 6211?
False
Is 71 a factor of 9940?
True
Is 979 a multiple of 18?
False
Does 31 divide 1203?
False
Does 18 divide 450?
True
Is 6021 a multiple of 9?
True
Is 7 a factor of 77?
True
Is 41 a factor of 10529?
False
Does 9 divide 491?
False
Is 567 a multiple of 14?
False
Does 43 divide 125?
False
Does 114 divide 50633?
False
Does 4 divide 272?
True
Is 11484 a multiple of 116?
True
Is 28 a factor of 868?
True
Is 51 a factor of 129846?
True
Is 984 a multiple of 328?
True
Is 2 a factor of 9087?
False
Does 4 divide 572?
True
Does 72 divide 12488?
False
Does 40 divide 720?
True
Is 3549 a multiple of 13?
True
Is 4200 a multiple of 24?
True
Does 8 divide 2564?
False
Is 6318 a multiple of 14?
False
Is 1650 a multiple of 12?
False
Does 32 divide 5248?
True
Is 35 a multiple of 13?
False
Is 220 a factor of 10093?
False
Is 51 a factor of 30053?
False
Is 16 a factor of 240?
True
Is 5 a factor of 95?
True
Does 35 divide 250?
False
Is 31030 a multiple of 214?
True
Is 76 a factor of 5001?
False
Is 8736 a multiple of 13?
True
Does 117 divide 9477?
True
Does 12 divide 65?
False
Does 3 divide 661?
False
Is 20 a factor of 66?
False
Does 26 divide 1517?
False
Is 25 a factor of 474?
False
Is 47 a factor of 55699?
False
Is 6770 a multiple of 12?
False
Is 1813 a multiple of 24?
False
Is 13 a factor of 37999?
True
Does 15 divide 2725?
False
Does 24 divide 4825?
False
Is 14 a factor of 1750?
True
Is 325 a multiple of 6?
False
Is 27 a factor of 8761?
False
Does 16 divide 128?
True
Is 3288 a multiple of 12?
True
Does 19 divide 68?
False
Does 46 divide 2846?
False
Is 252 a multiple of 14?
True
Does 9 divide 420?
False
Is 3011 a multiple of 79?
False
Is 987 a multiple of 21?
True
Does 26 divide 7176?
True
Is 644 a multiple of 14?
True
Is 4032 a multiple of 96?
True
Is 18 a factor of 54535?
False
Is 16 a factor of 40160?
True
Is 510 a multiple of 10?
True
Does 44 divide 1320?
True
Is 3696 a multiple of 44?
True
Is 13 a factor of 5291?
True
Is 2574 a multiple of 55?
False
Is 26 a factor of 922?
False
Is 144 a factor of 12264?
False
Is 16608 a multiple of 32?
True
Is 19 a factor of 432?
False
Is 6438 a multiple of 111?
True
Is 34 a factor of 24503?
False
Is 47 a factor of 5452?
True
Does 12 divide 2772?
True
Is 48 a factor of 773?
False
Does 39 divide 43503?
False
Is 658 even?
True
Is 1998 a multiple of 9?
True
Does 157 divide 6908?
True
Is 11 a factor of 38632?
True
Is 45 a factor of 26425?
False
Does 91 divide 96160?
False
Does 20 divide 2671?
False
Does 10 divide 2592?
False
Does 14 divide 26256?
False
Is 291 a multiple of 34?
False
Is 56 a factor of 7896?
True
Is 42103 a multiple of 54?
False
Is 957 a multiple of 16?
False
Does 69 divide 2157?
False
Is 53 a factor of 14098?
True
Is 6 a factor of 396?
True
Is 4 a factor of 1196?
True
Does 5 divide 3675?
True
Is 23 a factor of 11983?
True
Does 38 divide 3686?
True
Is 20 a factor of 5987?
False
Is 4046 a multiple of 17?
True
Is 33477 a multiple of 165?
False
Is 960 a multiple of 15?
True
Is 28 a factor of 25709?
False
Does 128 divide 2888?
False
Does 2 divide 25783?
False
Is 9 a factor of 5646?
False
Is 14 a factor of 1584?
False
Is 49 a factor of 33663?
True
Does 4 divide 520?
True
Is 40 a factor of 2974?
False
Does 14 divide 10533?
False
Is 35 a factor of 70?
True
Is 9821 a multiple of 94?
False
Is 468 a multiple of 12?
True
Is 26312 a multiple of 169?
False
Does 15 divide 1232?
False
Is 1345 a multiple of 5?
True
Does 221 divide 11480?
False
Is 2 a factor of 724?
True
Is 24973 a multiple of 236?
False
Is 3 a factor of 1852?
False
Does 5 divide 1365?
True
Is 5 a factor of 6060?
True
Is 10 a factor of 2206?
False
Is 607 a multiple of 61?
False
Is 16277 a multiple of 20?
False
Is 1616 a multiple of 13?
False
Does 18 divide 1620?
True
Is 6026 a multiple of 23?
True
Is 4526 a multiple of 62?
True
Is 309 a multiple of 7?
False
Is 47092 a multiple of 42?
False
Is 15075 a multiple of 67?
True
Does 25 divide 961?
False
Does 19 divide 12352?
False
Is 4752 a multiple of 11?
True
Is 124657 a multiple of 161?
False
Is 124 a factor of 124?
True
Is 2098 a multiple of 9?
False
Does 77 divide 39116?
True
Does 13 divide 1465?
False
Does 62 divide 2542?
True
Is 10 a factor of 44648?
False
Does 21 divide 14070?
True
Is 108 a factor of 2062?
False
Does 10 divide 1900?
True
Is 34 a factor of 34918?
True
Is 1786 even?
True
Is 1440 a multiple of 36?
True
Does 73 divide 2466?
False
Does 39 divide 7449?
True
Is 29 a factor of 1260?
False
Is 21 a factor of 9198?
True
Is 59895 a multiple of 33?
True
Is 2030 a multiple of 61?
False
Is 10928 a multiple of 31?
False
Is 118 a factor of 7670?
True
Is 13 a factor of 2137?
False
Does 33 divide 5920?
False
Is 13 a factor of 2078?
False
Is 548 a multiple of 22?
False
Does 9 divide 330?
False
Is 14249 a multiple of 34?
False
Is 41 a factor of 451?
True
Does 98 divide 830?
False
Is 31 a factor of 775?
True
Is 12189 a multiple of 19?
False
Is 14 a factor of 809?
False
Does 31 divide 3448?
False
Is 1108 a multiple of 5?
False
Is 984 a multiple of 6?
True
Is 48 a factor of 232?
False
Does 18 divide 1314?
True
Does 23 divide 4606?
False
Is 4 a factor of 5229?
False
Does 16 divide 11328?
True
Does 31 divide 950?
False
Does 39 divide 1014?
True
Is 88 a factor of 52166?
False
Is 102812 a mu